+ -5 + -1.
12
What is the value of -9 - -1 - (-46 - (-34 - -14) - 5)?
23
Evaluate (5 - 0) + -5 + (11 - 23 - -15).
3
15 - ((2 - -7) + -10)
16
What is (12 - 26 - -31) + 7?
24
Calculate -11 + -4 + 20 + -2.
3
Evaluate 35 + -6 + (12 - 6 - (9 - 0)).
26
Evaluate -1 + 9 + 68 + -73 - (-1 + -1).
5
Evaluate 2 + (15 - 7 - 1 - 2).
7
Evaluate (3 + -8 - -18 - -1) + -3.
11
Calculate (41 + -39 - (6 - -1)) + (0 - 2).
-7
Calculate (-21 - 2) + (14 - 6).
-15
What is the value of 0 + 2 + 0 - (15 - 5) - -27?
19
Calculate 35 + -3 + -62 + 18.
-12
What is the value of -21 + (7 - (6 + -6 + 1)) - -4?
-11
Calculate -49 - ((58 - 20) + -64).
-23
Evaluate -22 - ((-15 - -4) + -13).
2
What is the value of 10 + (1 - 21) + 106 + -111 + -10?
-25
What is -7 - (0 + 0 - (45 - 52))?
-14
What is (-2 + 10 - (-9 - -11)) + -11 + 12?
7
10 + (-2 - -13) + -10
11
Evaluate 10 + (7 - -1 - 7 - (4 + -3)).
10
Evaluate (1 - 0 - -5) + 6 + -4 + 7.
15
What is the value of 12 - 5 - (-16 + 60 + -13)?
-24
What is the value of -108 - -61 - (9 + -34)?
-22
Evaluate 333 - 308 - (2 + 10 + 4).
9
Calculate 7 + (-25 - -21) + -1 + 1.
3
17 + (3 - -33) - 18
35
Evaluate (-11 - (-14 - -5)) + 15.
13
Evaluate 2 + -2 + -2 + -5 + 0.
-7
What is the value of -3 + (-1 - 7) + 12?
1
Evaluate 35 - (22 + 30) - 7.
-24
What is (126 - 122) + (17 - 7)?
14
Evaluate 1 + (0 - 0) - ((7 - -11) + -8).
-9
Calculate -26 + (0 - -14) + (-1 - -4).
-9
What is the value of 7 - (-3 + (8 + -14 - -3))?
13
Evaluate 23 - (1 - 5 - (2 + 5 - 19)).
15
Evaluate -18 + ((4 - -4) + -8 - -10).
-8
Evaluate (34 - 73) + 42 - (13 + 2).
-12
(-7 - (1 + -13)) + -14
-9
41 - 15 - (-7 - -25)
8
Evaluate -7 + 4 + 5 + 1 + 1 + 5.
9
Evaluate -42 - -19 - -9 - (1 + -6).
-9
-13 - (-12 - 16) - -3
18
Calculate (-2 - (3 - 18)) + 3 + -1.
15
What is (0 - 0) + 1 - (65 + -72 - -10)?
-2
Calculate -2 - (0 - 8) - (-16 - (30 + -53)).
-1
What is the value of (14 - 20) + 6 + (0 - 6)?
-6
What is the value of (5 - (7 - 14 - -8)) + -19?
-15
Evaluate -18 + 12 - (-16 + 15 - 23).
18
Calculate -1 + 8 + -12 + 6.
1
Calculate (-3 - (-2 + (1 - 0))) + 9 + -2.
5
What is the value of 10 - (10 - (-5 - (-12 - 8)) - -6)?
9
-6 + (-3 - (-4 - (-3 + -3)) - -2)
-9
9 + -37 + (9 - (0 + -4))
-15
(37 - 5 - 13) + -34
-15
What is the value of -2 + 7 + 3 + (8 - (3 - -3))?
10
(18 + 2 - (-6 + 2)) + -35 + 38
27
What is 32 - ((-13 - -27) + 25)?
-7
What is 6 - (15 - (6 - (-16 + 9)))?
4
What is the value of 37 + (10 - (19 + 3)) + -10?
15
Calculate -28 - (-2 + 16 + -22).
-20
Evaluate -5 - (-2 + (-5 - (5 + -11 - 7))).
-11
Evaluate -20 + 60 + (-5 - 1 - 2) + 4.
36
What is the value of -1 + (6 - 3 - 19) + 9?
-8
Calculate -10 - 32 - (100 + -103).
-39
What is 18 + -2 - (17 - 7) - (-22 - -17)?
11
15 - ((-22 - -4) + 27)
6
-5 - (5 - (-7 - (11 + -19)))
-9
Calculate -5 + 7 + 11 + -26.
-13
What is 5 - (18 + -3 + 0)?
-10
Evaluate 5 + -4 + 29 + -30 + -1 + 1.
0
Evaluate 6 + (1 - (32 + -20)).
-5
What is 6 + (35 - 41 - -1)?
1
Evaluate -15 + (0 - (6 + -6 + -6 + 5)).
-14
Evaluate 14 - (-17 + 6 + 30).
-5
Calculate -8 + (-64 - -76 - (-9 - 0)).
13
What is the value of (-1 - 1) + (34 - 38) - 3?
-9
5 - (-12 + (-3 - -1) + -4) - 0
23
What is the value of 14 + (3 - 7) + (-4 + 2 - -6)?
14
Calculate (-37 + 18 - -30) + (-7 - -16).
20
Evaluate (1 - 0) + -17 + (-7 - -24) + -1.
0
(14 + -11 - 11) + (-1 - 1)
-10
Evaluate 3 + (6 + 2 - (11 + -2)).
2
Calculate -5 + -1 + (166 - 153 - (-2 + 1)).
8
Calculate 24 + (-24 - -30 - (0 + -8)).
38
Evaluate (-6 - (-24 + 0)) + -9.
9
Calculate (4 - -4) + -5 - (-13 - (-19 - -16)).
13
-1 + 2 + (-1 - -4) + (-1115 - -1109)
-2
What is the value of 7 - (-14 + 26) - (5 + 6)?
-16
15 - (-16 - (-11 - 51) - 14)
-17
Calculate 6 + (9 - (3 - -4)).
8
Calculate 11 + (17 - -6) + -22.
12
What is the value of -15 + 10 + -1 + (28 - 23)?
-1
Calculate (-16 + 18 - -25) + 6 + 6.
39
What is the value of -15 + (20 - 10) + -3?
-8
-118 + 142 + (2 - (14 + 4))
8
Evaluate -18 - (-31 - (17 - 25)).
5
15 - 1 - 19 - -4 - (1 - -1)
-3
Evaluate 8 - (-3 + 5 + -3 + 21).
-12
What is the value of 11 + (-21 - (9 + -8 + -7))?
-4
What is the value of (17 - 16 - 6) + -1 + 5 - -16?
15
What is the value of -9 + 1 - (-19 - 20 - -31)?
0
What is 8 + -2 + -4 + -4 + -18?
-20
-18 + 32 - (-4 - -1) - -8
25
What is -5 + (-13 - (-17 + 2)) + -19?
-22
What is (-1 - -33) + (-64 - (-74 - -18))?
24
-8 - (3 - (9 - 8))
-10
What is the value of (-42 - -38) + 20 - 2?
14
Evaluate 3 - (-13 + (-4 - -5) + 4).
11
11 + -14 + 2 + (-11 - -1)
-11
What is 7 - (-7 + -1 + (-2 - -22)) - -36?
31
What is -31 + 30 - ((-1 - 0) + (10 - 11))?
1
Calculate 18 + (-4 - 7 - 18).
-11
What is the value of -15 - (-2 + 4) - (771 - 767)?
-21
1 + -2 - (24 + -39)
14
What is the value of (-9 - 5 - -14) + 1?
1
What is the value of 1 + 0 - -4 - ((-6 - -15) + -22)?
18
What is the value of 24 + -13 + 11 - (23 + (11 - 22))?
10
What is the value of 4 + 0 - (2 - (5 + (0 - 17)))?
-10
What is the value of -3 + 2 + -3 + 0 + (66 - 59)?
3
What is 23 + 14 + -42 - (2 + -4)?
-3
What is the value of 1 + 2 - ((5 - 15) + 15)?
-2
What is 40 - 44 - (0 + -4)?
0
-99 + 110 + (-4 - (-2 + 4) - -2)
7
Evaluate (1 - (-8 - 0)) + -12.
-3
Calculate 0 + -35 + (3014 - 2991).
-12
What is 10 + 4 + (-5 - 23) - -28?
14
Evaluate 1 + -6 - ((1 - -13) + -2).
-17
-43 - (-37 + (19 - 33))
8
What is (10 - 31) + 0 - -13?
-8
What is the value of 32 + -10 + -39 + (-1 - -7)?
-11
Evaluate -2 + -4 + -2 + 3 + 19.
14
-6 - (-10 - (25 + -6)) - 10
13
2 - 8 - -2 - (32 + -30 + 7)
-13
(6 - 1 - -31) + (8 - 21 - -6)
29
Evaluate -1 - (13 - (1 + -2)) - (155 + -156).
-14
What is the value of (1 - -28) + (-90 - -80)?
19
Calculate 482 + -456 - (41 - 3).
-12
-8 + -1 + -4 + -6 + 19 - 9
-9
Calculate 14 - -1 - (682 - 665) - (-4 - -1).
1
Evaluate 4 - (14 + -1) - (12 - 6).
-15
0 - (33 - 38 - -17)
-12
What is (-20 - (-11 + 5)) + 22?
8
Evaluate -8 - ((6 - 1 - 8) + 1).
-6
What is -8 + 13 - -6 - 6 - (-4 + 3)?
6
(-1 - (4 - (2 - 0))) + (6 - -7)
10
-3 + -4 + 3 + 12
8
-2 + -4 + -5 + (1 - -10) - 8
-8
Evaluate 20 - (-11 - 9 - -42).
-2
What is 51 + -38 + (-4 - -3) + 3 + -10?
5
Calculate -14 - (6 + 7 + -5 + -15).
-7
Evaluate (4 - (-4 - -13)) + -4.
-9
(-68 - -58) + 8 + -3 - 12
-17
Calculate 6 - 5 - (-8 - 7 - -17).
-1
What is 7 - (41 + (-11 - (-11 + 2))) - -1?
-31
Calculate -3 + (-2 - -26 - (3 + 5)).
13
Calculate 8 + (27 - (-28 - -69)).
-6
What is 4 - (0 + -4) - ((-3 - -7) + 15)?
-11
What is the value of -28 - -42 - -10 - 63?
-39
What is the value of (2 - 0) + -94 + 95 - (-2 + 11)?
-6
Calculate (-12 + -1 - -32) + -25 - (-27 + 1).
20
Evaluate (1 - -33) + (-9 - (6 + -15 + 9)).
25
Evaluate -19 + (68 - 34) + -44.
-29
Evaluate -20 + -24 + (25 - -12) - (-11 + 1).
3
What is the value of -13 + 26 - 14 - -9?
8
Evaluate -5 - -1 - ((25 - 11) + -14 + -6).
2
What is the value of 4 - (3 - 4) - (24 + -4 + -15)?
0
Evaluate 8 + -1 + (14 + -4 - 6 - 11).
0
Evaluate (-3 + -2 - 2) + (-13 - (11 + -48)).
17
17 + -7 + -3 - 11
-4
Evaluate 6 - (-13 - -4) - 14.
1
Calculate -1 + 0 + (-7 - (-18 - -18)).
-8
What is the value of 7 - (12 - 22 - -5)?
12
Calculate (26 - (-10 + 12)) + 5.
29
31 - 1 - 29 - 10
-9
Evaluate -18 + (50 - (7 + 2)).
23
(-1 - (9 - 8)) + 6 + 8
12
Evaluate -8 - (-54 - -48 - -11).
-13
Calculate (-10 - 0) + 2 + -3 + -40 + 42.
-9
Calculate -10 - -4 - (-8 + (15 - 1)).
-12
6 + 28 - (13 - (-7 + 10))
24
Evaluate (-10 - 0) + 9 - (-2 - -10) - 3.
-12
Evaluate (5 + -10 + 3 - -1) + (0 - -1).
0
What is 4 - (8 - 28 - 14)?
38
What is the value of 9 + -19 + 27 + (-7 + 6 - -1)?
17
What is the value of (4 + 4 + 3 - -4) + -4?
11
What is 3 + (-23 - (1 - 17))?
-4
16 - (-29 + (31 - -11))
3
What is 270 + -289 - (-33 + 0)?
14
What is the value of -38 - -26 - 33 - -32?
-13
Calculate -14 + 31 - (5 - -7).
5
(324 - 342) + (-2 - -40)
20
What is the value of -46 - (-28 - (22 + -43))?
-39
Evaluate (23 - 47) + 10 + -8 + 5 + 1.
-16
23 + -17 + -7 + 15 + -5
9
Calculate 1 + -9 - (-19 + 3 + -102 + 105).
5
Calculate (4 - (15 - 27)) + -4.
12
Calculate 1 - -21 - (-861 - -879).
4
What is the value of (47 - 41) + (4 - 19)?
-9
Evaluate 18 + -1 - (4 - (8 - 10) - 1).
12
What is 8 + (-6 - (-9 + 5) - 15)?
-9
Evaluate (78 - 90) + 29 + -3.
14
Evaluate 15 + (-1 - 4) + -5 + 6 + -3.
8
What is -16 + (-16 - -13) - -18?
-1
What is (1 - 29 - -8) + -2?
-22
What is the value of -17 + 16 - (-7 + 1)?
5
What is the value of -7 + 5 + (7 - 8) + (-6 - -2)?
-7
What is the valu